t + 2. Suppose 3*j - m = 1. List the prime factors of j.
2
Let b = -66 + 129. Let p = 24 + b. What are the prime factors of p?
3, 29
Let u = 171 + -166. Let d(r) = 2*r**3 + 2*r**2 - 2*r + 1. Let i be d(1). Suppose 0 = u*g - x - 167, -25 = -g - 0*g + i*x. What are the prime factors of g?
2, 17
Let h be (-2232)/(-42) - 3/21. Let z = h + 13. What are the prime factors of (-2 + z/4)*2?
29
What are the prime factors of ((-9)/(-72)*8)/((-3)/(-15726))?
2, 2621
Let y = 62 - 26. What are the prime factors of -1 + -1 + y/1 + -2?
2
Suppose 10 = 37*n - 35*n. Suppose n*y - 555 = 90. What are the prime factors of y?
3, 43
Suppose 12 + 33 = 5*a. Let c(h) = -9*h**2 + 15*h - 2. Let s(k) = 25*k**2 - 44*k + 6. Let x(u) = -11*c(u) - 4*s(u). List the prime factors of x(a).
2
Let x(f) = f**3 + 20*f**2 - 14*f - 29. What are the prime factors of x(-20)?
251
Let m = 2694 + -1336. List the prime factors of m.
2, 7, 97
Suppose 0*m = m. Suppose 5*l + m*l = 55. What are the prime factors of l?
11
Suppose -w + 497 = -3*z, 2*w + 3*z - 1081 = -132. What are the prime factors of w?
2, 241
Suppose 51 = -4*z + g, 3*z = -3*g - 2*g - 21. List the prime factors of (116/(-12))/(-1 + (-10)/z).
2, 29
What are the prime factors of (-106 - 1)*(-6 + -4 - 2)?
2, 3, 107
Suppose 160*m + 4950 = 165*m. List the prime factors of m.
2, 3, 5, 11
Suppose 5*q + 4*o = 57, -o = q - 2*o - 15. Suppose 17*p = q*p. Suppose -n + 4*n - 84 = p. What are the prime factors of n?
2, 7
Suppose -s + 2*w - 4 - 7 = 0, 4*s - w + 9 = 0. Let c be (-18 + 0/s)/(-1). Suppose -9*j - c = -12*j. List the prime factors of j.
2, 3
Let v(d) = -9*d + 17. Let t be v(5). Let a = 50 + t. What are the prime factors of a?
2, 11
Let w be -11 - 0 - 0*(6 + -5). Let q(k) = -8*k + 15. What are the prime factors of q(w)?
103
Let d = 18 - 14. Suppose 3*v - r = 13, -d*r + 2 = -2*v - 6*r. Suppose 0 = 4*b - 5*n - 145, -v*b = 3*n - 35 - 40. List the prime factors of b.
2, 3, 5
Suppose z - 4*a = 5*z + 100, 5*z + a + 113 = 0. Let r be -9*2/4*z. Suppose -3*f = 5*w - 190, 3*w - 4 - r = -4*f. List the prime factors of w.
41
Let z = 631 - 39. What are the prime factors of z?
2, 37
Let s = -1491 + 2479. List the prime factors of s.
2, 13, 19
Let v be (8/(-2) - -10) + -1. Let o(g) = 5*g**2 - v*g - 7*g**2 - g + 3*g**2 - 2. List the prime factors of o(7).
5
Suppose -36*w + 5*h = -32*w + 367, 0 = -5*w - 2*h - 500. Let o be 2/4 - 113/2. Let j = o - w. What are the prime factors of j?
2, 3, 7
Let b = -760 - -1484. What are the prime factors of b?
2, 181
Suppose 0 = -9*i - 4*i + 39. Suppose -b - i*n = -94, 54 - 222 = -2*b - 2*n. What are the prime factors of b?
79
List the prime factors of ((-4)/(-2))/(6/(-9))*-442.
2, 3, 13, 17
Let l(n) = -28*n - 213. List the prime factors of l(-26).
5, 103
Suppose -86 = -s + d - 5, -4*s + 296 = 3*d. Let r = s - 4. What are the prime factors of r?
73
Suppose m + 5 = -0*m. List the prime factors of -9 - m - (-53 - 2).
3, 17
Suppose 7*k - 10 = 2*k. Suppose -8 = 4*w, -3*n - w + 168 = k*n. List the prime factors of n.
2, 17
Let a = 3080 - 1742. List the prime factors of a.
2, 3, 223
Let b be (-48)/144 - (28/6)/(-2). Suppose 6*g - b*g = -3*q + 1242, -5*q + 614 = 2*g. List the prime factors of g.
2, 3, 13
Suppose -2*b = -4*i - 26, 3*b + 17 = -i + 84. Suppose -a + 3 - b = 0. Let q = -16 - a. List the prime factors of q.
2
Suppose -3*y = -2*y + 14. Let h(v) = -4*v + 24. Let s(x) = x - 8. Let j(a) = 3*h(a) + 10*s(a). List the prime factors of j(y).
2, 5
Let f(k) = -k**3 - k**2 - 5*k + 4833. What are the prime factors of f(0)?
3, 179
Suppose -4*j + 12 = -3*j. Let v be -2*(-3)/(-27) + 125/(-45). Let z = j + v. List the prime factors of z.
3
Let t be (-6)/(-8) + 619/(-4). Let f = t + 163. List the prime factors of f.
3
List the prime factors of (-2 + 54/24)*(-2096)/(-2).
2, 131
Let l = -42 - -62. Let v be (10/(-20))/((-2)/l). Suppose q = v*q - 120. List the prime factors of q.
2, 3, 5
Let g be ((-6)/(-4))/((-1)/(-2)). Suppose 2*w + 4 = -0, -4*w = -g*q + 821. What are the prime factors of q?
271
Let n = -37 + 41. Suppose -7 - 3 = -5*s, -5*a = -5*s + 20. Let m = a + n. What are the prime factors of m?
2
Let c = 1727 - -423. List the prime factors of c.
2, 5, 43
Let s(r) = r**3 - 17*r**2 + 27*r - 2. What are the prime factors of s(19)?
3, 137
Suppose -4*a - 2*b + 0*b = -4460, 2*a - 4*b = 2240. What are the prime factors of a?
2, 3, 31
Let p be ((-4)/(-2))/(1 + 0). Let b be (-3)/(p - (0 + 1)). Let r(i) = -3*i - 3. List the prime factors of r(b).
2, 3
Let y = -7 + 7. Suppose y = -u + 2*h + 3 + 5, -15 = -5*u + 5*h. What are the prime factors of -2*(-1 + 5)*u?
2
What are the prime factors of 30 - -1863 - (-3 + 2)?
2, 947
Suppose -274*m - 5124 = -280*m. What are the prime factors of m?
2, 7, 61
Let x = 219 - 471. Let a = x - -360. List the prime factors of a.
2, 3
Let n(t) = 59*t**2 - 2*t + 8. What are the prime factors of n(3)?
13, 41
Suppose -11*k + 125 = -51. Suppose -14*h + k = -10*h. List the prime factors of h.
2
Let u(i) = i**2 + 2*i - 5. Let q be u(0). Let z = 32 + -23. List the prime factors of z*3 + (q - -4).
2, 13
Let u(h) = -17*h**3 - 2*h**2 - 6*h - 1. What are the prime factors of u(-4)?
13, 83
List the prime factors of 751 + 1 + -5 + (-4)/(-4).
2, 11, 17
Let z = -108 - -666. What are the prime factors of z?
2, 3, 31
Suppose -30 = -5*k + 10. Suppose 4*v - k = 4*r - 3*r, -v + 5*r + 2 = 0. Suppose -v*q + 28 = u, 32 = q - 4*u + 9. What are the prime factors of q?
3, 5
Suppose 0 = -2*t + 4 + 60. What are the prime factors of (-36)/54 + t/3?
2, 5
Let p = -106 - -711. List the prime factors of p.
5, 11
Let x(n) = -n**3 - 8*n**2 - n - 3. Let g be x(-8). Suppose -g*p + 360 = -z + 40, -2*p + 5*z = -128. List the prime factors of p.
2
Suppose 3*k = 2*i + 1702 + 1386, -k - 5*i = -1001. List the prime factors of k.
2, 3, 19
Let n(h) = -3*h - 2. Let y be n(-5). Let m = y + -12. What are the prime factors of (4 + m)/((-2)/(-8))?
2, 5
Suppose 680 = 2*a - 4*s, 0 = -8*a + 10*a + 4*s - 680. What are the prime factors of a?
2, 5, 17
Suppose -3*y - y = -d - 3572, 2679 = 3*y - d. What are the prime factors of y?
19, 47
Let q(b) = 35*b**2 - 16*b - 105. Let f(s) = 12*s**2 - 5*s - 35. Let m(u) = -17*f(u) + 6*q(u). List the prime factors of m(-5).
2, 5, 17
Suppose g + n - 4089 = 0, 0*g - 3*n - 8188 = -2*g. List the prime factors of g.
4091
Suppose -4*r + r = 5*u + 10, 6 = -3*u. Suppose -4*i + 5*b + 51 = -r*i, 3*b + 27 = 2*i. What are the prime factors of i?
3
Suppose 42 = 2*b - o - 4*o, 4*b - 84 = 5*o. Suppose 2*y = 3*u + 39, 5*u - 25 = -0*u. Let f = y - b. What are the prime factors of f?
2, 3
Suppose -2*w - 2*l = -1112, -3*l = -2*w - 8*l + 1103. List the prime factors of w.
13, 43
Suppose 15*i - 3845 = 3415. What are the prime factors of i?
2, 11
Let l = 550 + 8. What are the prime factors of l?
2, 3, 31
Let i = -1 - -3. Suppose 0 = y - i*y + 88. Suppose -y = -2*l - 2*l. What are the prime factors of l?
2, 11
Suppose 20 = 3*r - 16. Suppose -5*o - 3*h = -69, 2*o + 0*h - 4*h = r. List the prime factors of o.
2, 3
Suppose 0 = 3*b + p - 123 - 32, 4*b - 3*p = 185. What are the prime factors of b?
2, 5
Let s(a) = -3*a + 48. Let p be s(14). Suppose -10*y + p*y = -432. What are the prime factors of y?
2, 3
Suppose -5*f + 9 = -f - a, 4*f - 4*a - 12 = 0. Let h be f/5 - (-27)/(-5). What are the prime factors of (3/h)/(4/(-40))?
2, 3
Let k(z) = -2*z**2 + 5*z + 3. Let c be k(5). Let v = 104 - 61. Let t = v + c. What are the prime factors of t?
3, 7
Let q be (6/3 + -1)/((-6)/(-1038)). Let t = 296 - q. List the prime factors of t.
3, 41
Let d(t) = t**2 + t + 12. Let q be d(-10). Let k = -64 + q. Suppose -w + 6*j - j + k = 0, j = w - 18. What are the prime factors of w?
13
Let y(k) = k + 5. Let t be y(-5). Suppose t = 4*g + g. Let c(z) = -z**3 - z**2 + z + 17. List the prime factors of c(g).
17
Let f(w) = 10*w + 4. Let j(d) = -9*d - 4. Let p(m) = -6*f(m) - 7*j(m). Let i be p(-2). List the prime factors of -18*(-1 + i/(-4)).
3
Let j(c) be the second derivative of 5*c**4/12 + 4*c**3/3 + c**2/2 - 4*c. Let p(s) = -s**2 + 1. Let w(u) = j(u) + 6*p(u). What are the prime factors of w(6)?
19
Let n = -62 - -66. Suppose -n*g - 2*o + 118 = -0*o, -4*o + 12 = g. List the prime factors of g.
2
Let u(j) = j - 7. Let y be u(9). Suppose 133 = 3*c - y*c. What are the prime fac